osite?
True
Is 11740453679 a composite number?
True
Is 655715261 composite?
False
Is 6867560729 a prime number?
False
Is 1330037209 a composite number?
False
Is 181341077581 composite?
False
Is 6156917651 prime?
True
Is 359047331 composite?
False
Is 13770493141 composite?
False
Is 2812194971 a prime number?
True
Is 1085855167 a prime number?
False
Is 7962392783 a composite number?
False
Is 10560084401 composite?
False
Is 172579943 composite?
True
Is 12150813803 a composite number?
False
Is 4374945671 prime?
True
Is 135917543743 a prime number?
True
Is 37010138159 composite?
False
Is 3058636069 composite?
False
Is 2225005931 a composite number?
False
Is 6851373637 a composite number?
True
Is 135374689 a composite number?
True
Is 1740656833 a composite number?
False
Is 4714143149 prime?
False
Is 2266860989 a composite number?
False
Is 1138164686 a composite number?
True
Is 44647200833 a composite number?
True
Is 707680079 a composite number?
False
Is 3502713287 prime?
False
Is 9031329443 composite?
True
Is 151902732239 a prime number?
False
Is 36332194 prime?
False
Is 59467033 a composite number?
True
Is 137184352373 composite?
False
Is 394702657 a composite number?
False
Is 69751505039 a composite number?
False
Is 5865375707 a composite number?
True
Is 150021463 composite?
False
Is 31349011 a composite number?
False
Is 10477723 composite?
False
Is 163793588747 prime?
False
Is 1273112437 composite?
True
Is 87747133063 composite?
True
Is 653539717 prime?
True
Is 9161426629 a prime number?
True
Is 576379007 a composite number?
True
Is 24611753909 a composite number?
False
Is 10916053289 a composite number?
False
Is 313053863 a composite number?
False
Is 1336698295 prime?
False
Is 2674331471 composite?
True
Is 22215732631 composite?
False
Is 41910765527 composite?
False
Is 112267657 a prime number?
False
Is 15702962567 a composite number?
True
Is 349742089 a prime number?
True
Is 244852859 a prime number?
True
Is 15144245605 a composite number?
True
Is 2852583227 prime?
False
Is 13047888583 a composite number?
True
Is 11814273869 a composite number?
False
Is 4339263917 prime?
False
Is 1111361567 a prime number?
True
Is 2742979219 composite?
True
Is 448991399 a composite number?
True
Is 199427924459 prime?
True
Is 15457596157 composite?
False
Is 11200333 composite?
True
Is 1367637591 composite?
True
Is 332091407 a composite number?
False
Is 1783239119 prime?
True
Is 53866046453 prime?
False
Is 8550227281 a composite number?
True
Is 10077105133 prime?
True
Is 8653716007 prime?
True
Is 8171723111 a composite number?
True
Is 7614947 composite?
False
Is 53040931 a composite number?
False
Is 504847451 a prime number?
False
Is 27812741542 a composite number?
True
Is 1419388417 composite?
True
Is 726216209 composite?
False
Is 16196859011 prime?
True
Is 3691956883 a prime number?
True
Is 2173983169 composite?
False
Is 14211974603 composite?
True
Is 4928155961 a composite number?
True
Is 60403653721 a prime number?
True
Is 2361837337 a prime number?
True
Is 301798591 prime?
True
Is 2173886753 a prime number?
True
Is 17876944417 a composite number?
False
Is 926266589 a prime number?
True
Is 3354833587 a composite number?
True
Is 7792091303 composite?
True
Is 121789986737 a prime number?
True
Is 53241179963 a prime number?
True
Is 20407302671 a prime number?
False
Is 1128561341 a prime number?
False
Is 18138365411 composite?
False
Is 627630631 composite?
False
Is 107020639873 a composite number?
True
Is 35485082849 prime?
False
Is 3652001845 composite?
True
Is 1307458513 prime?
True
Is 411563627 a prime number?
False
Is 15906452719 a prime number?
True
Is 42086201423 a composite number?
True
Is 5160096763 composite?
True
Is 614258633 a prime number?
True
Is 136884919 composite?
False
Is 3757218313 a prime number?
True
Is 2687296043 composite?
True
Is 49702833933 a composite number?
True
Is 1102524197 prime?
True
Is 3518904905 a prime number?
False
Is 102970457 composite?
True
Is 97793796007 a prime number?
False
Is 645298421 a composite number?
True
Is 817936409 a prime number?
True
Is 2962621843 a composite number?
False
Is 54250703071 composite?
True
Is 6525725345 a prime number?
False
Is 11951574809 a prime number?
False
Is 1070955131 prime?
False
Is 32533666023 a composite number?
True
Is 7984834339 a composite number?
True
Is 3603799691 prime?
True
Is 237857161 composite?
True
Is 19449817 a prime number?
True
Is 351166121 composite?
False
Is 238696571 composite?
True
Is 1197886069 a prime number?
False
Is 405358861 a composite number?
False
Is 279302801 a composite number?
True
Is 622294801 prime?
False
Is 12339592399 a prime number?
True
Is 18011843171 a prime number?
False
Is 27725420069 prime?
True
Is 49781360051 prime?
False
Is 5683218153 a prime number?
False
Is 6383611151 a prime number?
True
Is 1834279631 prime?
False
Is 6385310999 composite?
True
Is 3731848447 composite?
True
Is 779260529 composite?
True
Is 863765809 a prime number?
False
Is 8692987733 a composite number?
False
Is 404646009 a prime number?
False
Is 2897667709 a prime number?
False
Is 8294088709 prime?
True
Is 11960692741 composite?
True
Is 516696787 a prime number?
False
Is 1325361931 prime?
True
Is 44590364039 prime?
False
Is 109998296313 composite?
True
Is 271588253 prime?
True
Is 13094518523 composite?
False
Is 841646471 a prime number?
False
Is 1382824594 a prime number?
False
Is 46072306789 composite?
False
Is 2036348323 a composite number?
True
Is 7362737 prime?
False
Is 375201539 composite?
False
Is 30414241321 composite?
True
Is 20576198911 a composite number?
True
Is 39264965563 a composite number?
True
Is 503106628379 prime?
True
Is 3452478329 a prime number?
True
Is 5378081171 prime?
False
Is 4429138334 composite?
True
Is 2878380493 composite?
True
Is 55474253 composite?
False
Is 151204273951 a prime number?
False
Is 51538297 prime?
True
Is 1564462693 composite?
True
Is 113732683 prime?
False
Is 7795524887 a prime number?
False
Is 18343177727 a composite number?
True
Is 68962536761 a prime number?
False
Is 29733064609 prime?
True
Is 7327962835 prime?
False
Is 786426127 prime?
True
Is 869580191 prime?
True
Is 33168469757 a composite number?
False
Is 945565981 a prime number?
True
Is 508174039 a composite number?
True
Is 417395471 prime?
True
Is 465622403 prime?
True
Is 2955722269 a prime number?
True
Is 29954885 a prime number?
False
Is 24859822397 prime?
False
Is 47301699227 prime?
False
Is 2535153703 a composite number?
False
Is 68481204187 prime?
False
Is 35379088763 composite?
True
Is 736296091 composite?
False
Is 114857107567 prime?
True
Is 1993798349 prime?
True
Is 203061230509 a composite number?
False
Is 5312166973 a prime number?
False
Is 1209260417 a prime number?
True
Is 502944161 prime?
False
Is 504263381 a composite number?
False
Is 16914928951 prime?
True
Is 24528761483 composite?
True
Is 729845023 a prime number?
True
Is 89549351 a prime number?
False
Is 18918432893 prime?
True
Is 254259999307 composite?
True
Is 2601202553 a composite number?
False
Is 9523110089 composite?
True
Is 934160635 a prime number?
False
Is 1515759065 composite?
True
Is 7115579285 a prime number?
False
Is 72586629191 prime?
True
Is 2323735937 a prime number?
True
Is 3119780861 a prime number?
False
Is 3795278039 composite?
True
Is 207876099 a prime number?
False
Is 662500609 a composite number?
False
Is 2588520373 composite?
False
Is 518374721 prime?
False
Is 60704703669 composite?
True
Is 8253747529 a prime number?
True
Is 3215073041 a prime number?
False
Is 15249620119 prime?
False
Is 226955511449 prime?
True
Is 9015813179 prime?
True
Is 416562571 prime?
True
Is 580846373 composite?
False
Is 175239923 composite?
True
Is 54908379649 a composite number?
False
Is 860375827 prime?
True
Is 12001749677 prime?
True
Is 16156724063 composite?
True
Is 1453426397 a prime number?
False
Is 2867108533 prime?
True
Is 104467109 a prime number?
False
Is 37018644479 prime?
True
Is 24256596101 prime?
True
Is 90836353 composite?
True
Is 1377135997 composite?
True
Is 1379923859 prime?
True
Is 36308800111 prime?
True
Is 1910701817 composite?
False
Is 76405451047 prime?
True
Is 17894879 prime?
True
Is 35910923071 composite?
True
Is 2255698409 a composite number?
True
Is 128397767 a composite numbe